 -10 - -11)
5
Evaluate -5 + (-7 - 6) + 9.
-9
Calculate 21 + -21 + (-1 + 1 - 4).
-4
4 - (-7 - -4 - -10)
-3
Calculate 5 + -6 + 8 + -10.
-3
10 - (-8 - -11) - 9
-2
Evaluate 1 + (7 + -9 - 1).
-2
What is the value of -2 + 3 + 0 - (-3 + 2)?
2
2 + -3 - (-16 + 18) - 0
-3
What is 1 + -6 + (-4 - (-7 + 2))?
-4
Evaluate 8 + -1 + -7 + 5 + 0.
5
What is the value of -3 + -2 + 2 - 1?
-4
What is -3 + (-4 - -1 - -5) - 5?
-6
What is (-6 - 2) + 8 + (8 - 2)?
6
Calculate -4 - 8 - -9 - -5.
2
What is the value of (0 - -6) + (-1 + -3 - 1)?
1
What is (6 - 2) + 1 + 32 + -39?
-2
Evaluate (-5 - (2 + 4)) + 4.
-7
What is the value of 29 - 24 - (-1 - (3 + 0))?
9
Evaluate -6 + -3 + 2 - -10.
3
(-2 - -3 - 2) + -1 + 4
2
What is the value of 2 - -11 - (5 - -1)?
7
-1 + (-2 - -3) - (-9 - -7)
2
What is the value of -3 + -2 + 1 + (1 - 0)?
-3
9 + (-9 - 0) + 2
2
What is 0 - (-1 - -1) - (33 - 30)?
-3
What is -27 - -35 - (4 + 3)?
1
Evaluate ((0 - 6) + 5 - -2) + 5.
6
What is (-1 - -4) + (-13 - (-27 - -15))?
2
What is (0 - 6) + 17 - 0 - 6?
5
Calculate -3 - (0 - 1) - (0 - -1).
-3
Calculate 4 - 3 - (0 - -1).
0
Calculate -7 - (-16 - 1 - (-16 - -9)).
3
Calculate (5 - 11) + 2 + 3 - -6.
5
What is the value of (4 - 0) + (2 + -4 - -3)?
5
Evaluate -1 - (-1 - -13) - (110 + -115).
-8
Calculate (-8 - -1) + (-13 - -16).
-4
Calculate (-6 - 2 - -2) + 9.
3
What is the value of (1 - 6) + (-10 - -18) + -9?
-6
What is -658 - -663 - (-1 + (7 - 0))?
-1
What is 0 + -1 - (-3 - (4 - 2))?
4
7 - (3 - (-3 - (-3 + 0)))
4
What is 0 + -2 - (-12 - -11) - 0?
-1
What is 4 + 6 + -2 - 3?
5
Evaluate -8 + -2 - (-34 + 18).
6
-2 + 6 + (0 - 1) - 5
-2
Evaluate 0 + -1 + -6 + 10 - -1.
4
Evaluate 5 - (-3 - (-5 + -5)).
-2
Evaluate 40 - 35 - (0 + 6).
-1
Evaluate 0 + 7 + -5 + 6.
8
Evaluate -3 + -4 + 7 + 4 + -1.
3
Calculate 5 + (-2 + -3 - 3) - 2.
-5
What is the value of -60 + 59 - (-2 + 6)?
-5
Calculate 4 + -5 + -2 - (-6 + 2).
1
What is the value of 9 + (-7 - (2 - 4))?
4
What is 6 - (7 - (3 - 3))?
-1
What is 1 + -4 + -2 + (6 - 6)?
-5
1 + 0 + 5 + 1
7
Evaluate -14 - -7 - (-6 + -4).
3
-12 - (6 + -11 + -2)
-5
What is the value of 3 - (-4 + 5 + -1)?
3
What is 6 + (7 - 14) + 2?
1
Evaluate (-5 - 6) + (-5 - -10).
-6
What is the value of 3 + ((-5 - -9) + -10 - -6)?
3
Evaluate -1 + (2 - (3 + -3 - 1)).
2
What is the value of 5 - (-1 + 3 - -2) - 2?
-1
What is (0 - -3) + (-25 - -22)?
0
Calculate -1 - (-8 + -3 + 11).
-1
Calculate 1 - (-2 + 3) - (34 - 28).
-6
What is the value of -5 + (-1 + 4 + -8 - -4)?
-6
9 + (-8 + 5 - 2)
4
Evaluate 8 - (4 + (1 - 0)).
3
Evaluate -12 + 3 + 6 - (0 - 0).
-3
What is 11 - (16 + -15) - 11?
-1
What is -17 + 23 - (0 + 1)?
5
Calculate 4 + (-2 - -2 - -4) + -5.
3
What is the value of -3 + 0 + 4 - 0?
1
What is the value of (4 - -2) + 0 + -1?
5
Calculate -8 + -6 + 25 - 11.
0
Evaluate (-14 + 12 - -4) + -3.
-1
Evaluate 7 - -1 - (4 + 0).
4
What is (-2 - -1) + 7 + -1 + -5?
0
What is -2 + (7 - 3) + 3?
5
-5 + (0 + -4 - (-22 - -13))
0
What is 17 + -11 + -13 + 2 + 1?
-4
-2 + -2 + -1 + 2 + 2
-1
What is the value of (-5 + 2 + -4 - -4) + 0?
-3
-23 + (-12 - -16) + 10
-9
(-5 - -12) + -4 + 1
4
Calculate -1 - (-2 - (3 + (-2 - 4))).
-2
What is the value of (-2 - -6 - 1) + 0 + -3?
0
What is -2 - (-4 - 7) - 2?
7
What is -2 + -6 + 17 - (4 - 1)?
6
Calculate 3 + -5 + 2 - 1.
-1
What is -4 + 11 + (3 + -4 - 1)?
5
What is 6 + -1 - (-10 + 16)?
-1
0 + 2 + (10 - 8)
4
What is the value of 3 + 2 + -3 + 1 - 2?
1
-3 - (-4 + 5 + -2) - -3
1
Evaluate (-4 - -2) + -7 + 5.
-4
What is the value of (-8 + 2 - -4) + 6 + 4?
8
-5 + 5 + (-5 - -9)
4
7 - (5 - (-1 - -3))
4
-1 - (-4 - (-5 - (-7 + 0)))
5
15 + -5 + -1 - 7
2
-2 + 4 + (3 + -5 - 0)
0
Calculate (6 - (1 + -6 - -11)) + 5.
5
What is 6 - (3 - (-2 + -3) - -3)?
-5
Calculate -4 + -2 + 5 + (-14 - -9).
-6
What is the value of -3 - (-7 + -2) - 4?
2
What is -3 + -1 + 0 + 10 + -2?
4
What is -3 - 0 - (-2 - -1)?
-2
What is the value of 0 + 10 + -14 - (1 + -9)?
4
What is the value of -18 - (11 - 22) - 3?
-10
What is 0 + (5 - 3) + 0?
2
Calculate (-1 - (-1 - -3)) + 9 + -1.
5
What is -7 - -4 - (2 - -1) - -3?
-3
Calculate 2 + -1 + (-1 - 1).
-1
What is the value of -5 + 4 - (1 - 0)?
-2
Evaluate (-2 + 0 - -6) + 0.
4
Calculate -82 + 85 + 0 + 6.
9
What is the value of 0 + (21 - 17) + 1 + -8?
-3
Evaluate -4 + 1 + 9 + -1 + -3.
2
Calculate (-15 - (0 - 4)) + 21.
10
Evaluate 3 - (-6 - (-7 + 2 + -4)).
0
(3 - -5) + (-13 - -7)
2
Evaluate 8 - (13 + (-8 - -1)).
2
What is the value of -11 - -22 - (7 + 0)?
4
Calculate (-57 - -59) + -1 + -5.
-4
(-5 - (11 - 7)) + 6
-3
Calculate -1 + 2 + 1 + 1.
3
Calculate 20 + -19 + (0 - 2).
-1
Evaluate -4 + -1 + 2 + -4 + 3.
-4
2 - (-3 - (0 - 4)) - 5
-4
What is 3 + (3 - (2 + -2 + 1))?
5
Calculate (-3 + 3 - 2) + (-1 - -10).
7
What is the value of -2 + -13 + 15 + 1 + 0?
1
What is the value of -4 - (2 - (8 + 0) - -3)?
-1
What is the value of -1 + 9 + -23 + 17?
2
Calculate (-1 - -3) + 0 + -3 + -4.
-5
What is -6 - (0 + -3 - 4)?
1
2 - (-8 - (-11 + 4))
3
Evaluate -2 - 0 - 1 - (11 + -11).
-3
What is -11 - -9 - (0 + -6)?
4
What is the value of 3 - (3 + 4 + (5 - 8))?
-1
What is -6 + 3 + 0 - (-21 + 27)?
-9
What is the value of -1 + -5 + 5 + -5 + 5?
-1
What is -12 - -13 - (4 + -1)?
-2
-2 + (9 - (-4 + -4 + 13))
2
Evaluate (-2 - -3) + 0 + -4 - -7.
4
What is the value of (-2 - -1) + (-11 - -9)?
-3
Calculate 9 + -6 + (-3 - 4) + 4.
0
Calculate -1 + (-9 + 5 - -7) + -7.
-5
27 - 25 - (4 - 1)
-1
Evaluate -1 - (-7 - -2) - (12 + -3).
-5
What is (4 - -1) + 60 + -67?
-2
Evaluate 4 - (6 - (-4 - (6 - 9))).
-3
Evaluate (-4 + 1 - (-24 + 24)) + 0.
-3
Evaluate -3 - (3 + (1 - 2) + -1).
-4
Calculate -1 + 1 - (-22 - -22).
0
Calculate 0 + 0 + 11 + -12.
-1
17 + -17 + 0 + 5
5
What is 1 + 1 - (-2 - (-1 + -8))?
-5
What is 0 + 5 + 1 - (-415 - -419)?
2
Evaluate -10 - (-9 + -8 - -5).
2
What is (2 - (1 + -5) - 3) + -5?
-2
-112 - -112 - (3 + 0 + -2)
-1
Calculate (-3 - (-1 - 7)) + -2.
3
What is the value of -6 + 2 + (12 - 5 - 12)?
-9
Calculate 5 + -10 + 5 + -2.
-2
Evaluate 0 - ((21 - 20) + 1 + 2).
-4
What is the value of -22 + 4 - (-25 - -17)?
-10
(3 + -9 - (-1 + -4)) + 5
4
Evaluate (-5 - -3) + -3 - (-5 - 0).
0
Calculate 5 + (-3 - (1 - 0 - 2)).
3
(13 + -15 - (-2 - 3)) + 5
8
What is the value of -1 + 5 + 3 + -9?
-2
What is 1 + 5 + -3 + (8 - 6)?
5
Calculate -6 + -3 + (1 - -5) + 1.
-2
What is the value of -1 - ((-5 - -4) + 3)?
-3
What is the value of 2 + 6 + 1 + -11?
-2
What is -2 + (4 - 1) + -3 + -2?
-4
What is -31 - -33 - (-3 + 0)?
5
What is 4 - (10 + -2 + 3 - 6)?
-1
Evaluate -4 + 4 + 0 - 1.
-1
What is 12 - (-5 + (2 - (-6 - 5)))?
4
2 + -3 + (-5 - (-4 - -2))
-4
Evaluate (3 - 8) + 2 - -3.
0
What is the value of -3 - 4 - -6 - -2?
1
Evaluate (6 - 6) + (3 - 6).
-3
Evaluate -11 + (0 - (4 - 8)).
-7
What is 4 + (8 - (2 - -5))?
5
Calculate (-21 - -13) + -9 + 11.
-6
-2 + -3 + 4 - (-1 - 5)
5
Evaluate -1 - (5 + (-18 - -8)).
4
(1 - 0) + (-3 - -3) + 4
5
Calculate -7 + (8 - 5) + 6.
2
What is the value of -5 - (0 - (0 - (0 + -2)))?
-3
-2 + (-2 - -3 - -4)
3
What is the value of -9 + 17 + (-5 - -1)?
4
What is the value of -1 + (7 - (19 - 12))?
-1
(0 - -7 - 3) + -1 + -8
-5
9 - 3 - (2 + -2 + 1)
5
Calculate -2 + 0 + -5 + 6.
-1
Calculate 1 - (-2 + (-6 - -2) - -4).
3
What is 5 - (8 - (3 + -3 - 1))?
-4
What is the value of 0 + (3 - (5 + -8))?
6
What is the value of 4 + 1 + 10 + -5?
10
What is 13 - (-4 - (1 + -9))?
9
Evaluate -8 + (4 + 4 - 3 - 3).
-6
2 + -2 + (9 - 6)
3
Evaluate 4 + (3 + -5 - -1) + -1.
2
Calculate 8 - ((4 - 11) + 11).
4
What is 2 + -5 + (-2 - 0 - -1)?
-4
Calculate (7 - 4 - 8) + 1.
-4
0 - 9 - (4 - 10)
-3
5 - (1 - 5) - 9
0
Calculate 2 + -3 + 1 + 3 + 1.
4
What is 0 + -8 + 7 + 8?
7
Calculate 9 + -7 + 5 + -4 + 7.
10
Evaluate 6 - (2 - -4) - 0.
0
What is 0 + -4 - (-4 + (2 - 1))?
-1
What is the value of -14 + 2 + -5 - -11?
-6
What is the value of 56 + -56 - (0 + 1)?
-1
What is -62 - -55 - (-1 + -2)?
-4
What is the value of 0 - (3 + 4 + -3) - -7?
3
Evaluate 3 + (-1 - 1) + -25 + 22.
-2
Calculate 5 + -5 + (4 - 5) + -5.
-6
What is the value of 1 - (-1 - (-4 - (-1 - -1)))?
-2
5 + (6 + -6 - 9)
-4
What is the value of 25 + -25 - (0 - -5)?
-5
Evaluate 13 - (0 + 14 + -11).
10
What is the value of -2 + 1 + 2 + 0 + 4?
5
What is (-10 - (0 - 6) - 2) + 11?
5
What is -160 + 160 - (1 - 0 - 1)?
0
What is the value of 1 + 6 + (-7 - 0)?
0
Calculate -47 + 50 - ((-2 - -2) + -1).
4
Evaluate (-5 - (